 is the greatest common factor of d and 40?
10
Let y be 0/((-5)/((-10)/(-8))). Suppose -5*u = -y*u - 150. Let j(x) = 42*x**3 - x**2 - 2. Let l be j(2). What is the greatest common divisor of u and l?
30
Suppose -3098 + 16640 = 3*q. What is the highest common divisor of q and 122?
122
Let p = -173 - -355. Suppose 3 = -4*w - 5, 4*i = 3*w + p. Calculate the highest common factor of i and 4.
4
Suppose 0 = w - 2 - 3, a + 3*w - 16 = 0. Let y be -2 + a + (3 - (-2 + -73)). Calculate the highest common divisor of y and 11.
11
Suppose -5*m = -2*i - 0*m - 13, 4*i - 4*m = -8. Calculate the highest common divisor of i and 47.
1
Suppose j + 7*j - 272 = 0. Let a be 2/((-2)/(-1)) - -33. What is the highest common divisor of j and a?
34
Let d(c) = 8 - 10 + c + 4 + 2. Let u be d(8). What is the greatest common factor of 108 and u?
12
Suppose 0 = u + c + 1, -2*c = 5*u - 2*u + 2. Let t be (15 - 2)*1 + u. Calculate the greatest common factor of 39 and t.
13
Let w = -643 - -1225. Calculate the greatest common divisor of 6 and w.
6
Let o be -1 - (12/(-3) - 0). Suppose o*b = -19 + 85. What is the greatest common factor of 110 and b?
22
Let r = 7 - -7. Suppose 3 - 6 = 3*t, 0 = -f - 5*t + 51. What is the highest common factor of f and r?
14
Suppose 0 = f + 4*a - 25, 3*f + 6*a - 97 = 5*a. Suppose 20*o + f = 21*o. What is the greatest common factor of o and 99?
33
Let p = -35 - -38. Suppose -5*a = -v - 6 - 53, 41 = p*a + 5*v. What is the greatest common factor of 18 and a?
6
Suppose -2*l - 2*l - 4*m + 332 = 0, -4*m = -2*l + 172. Calculate the greatest common divisor of l and 105.
21
Let o(s) = 6*s**2 - 11*s + 8. Let c be o(4). Suppose -6*x = -0*x - c. Calculate the greatest common factor of x and 10.
10
Let y = -17 - -19. Let h(m) = -8*m**3 - 4*m**2 + 4*m - 2. Let w be h(y). Let c = -51 - w. What is the highest common factor of 23 and c?
23
Let s be -4 - (-2 - 65 - 0). Suppose -2*x = -5*y + 110, -4*y - 3*x + s = -2*y. Let n = 8 - 5. What is the greatest common divisor of n and y?
3
Let b = 28 - 26. Suppose b*v + 2 = 26. Calculate the highest common divisor of v and 12.
12
Suppose 13*a = 73 + 57. Let j(o) = o**2 - 2*o + 2. Let d be j(8). Calculate the greatest common divisor of d and a.
10
Let a be (-2 - 0)*(-2306)/(-4). Let p be 2/7 + a/(-7). Let k = -71 - -86. What is the highest common divisor of p and k?
15
Let t(b) = 30*b - 11. Let w be t(4). Suppose 6*u = w - 1. What is the highest common divisor of u and 90?
18
Suppose 0 = 14*o + 839 - 2127. What is the greatest common divisor of 20 and o?
4
Let f = -663 - -691. What is the highest common factor of 28 and f?
28
Suppose 2*d + 1 = -y, -3*y + 2*y + 5*d + 34 = 0. Let v = y - 6. Suppose -v*x = -17 - 7. What is the highest common divisor of x and 2?
2
Suppose -16*n = -3*n - 325. Let k(d) = d**2 - 10*d + 5. Let q be k(10). Calculate the highest common divisor of q and n.
5
Let w = 17 + -15. Suppose -4*p + 4*a + 376 = 0, -6*p + w*p + 351 = a. Let i = p + -50. What is the greatest common divisor of 26 and i?
13
Suppose -k = 2*o - 52 - 39, -187 = -4*o + 3*k. Let m = o - 2. Calculate the greatest common factor of 11 and m.
11
Let m = -637 + 681. What is the greatest common divisor of m and 396?
44
Let k be (-5025)/(-39) + (-469)/(-91) + -5. Calculate the greatest common divisor of 215 and k.
43
Let x = -242 - -248. Calculate the greatest common divisor of 78 and x.
6
Suppose -5*k = -10, 3*q - k = 45 + 16. Suppose -q = -3*i - 6*a + 2*a, -i + 4*a - 9 = 0. Suppose l - 6 = -l. What is the greatest common factor of i and l?
3
Let h be (-4)/5*30/(-12). Suppose 3*t - 6 = h*t. Suppose -2*s + 0*s - 12 = -2*x, 3*x + 5*s = -t. What is the highest common divisor of x and 1?
1
Let c be (-3)/(-6)*-1*0. Suppose -l - n + 24 = 0, -5*l + 3*n + 120 = -c*n. What is the highest common divisor of l and 30?
6
Suppose 4*l + 224 = 12*l. What is the greatest common divisor of l and 12?
4
Let z(j) = 9*j**3 + j**2 + j - 2. Let i be z(1). Suppose -30 = 7*l - i*l. Calculate the greatest common factor of l and 135.
15
Let a(h) = -25*h - 4. Let b be a(-7). Let d be 2 + (2 - 0) + 72. Let q be d/12*(4 - 1). What is the highest common divisor of q and b?
19
Let o be (-960)/54 - 4/18. Let c = 33 + o. Suppose 0 = 5*u - 2*i + 5*i, 0 = 3*i + 15. What is the greatest common factor of c and u?
3
Let p be ((-75)/20)/((-16)/64). Calculate the greatest common divisor of p and 48.
3
Suppose -74*w - 90 + 400 = -282. Suppose -2*u - 8 = -6*u. Calculate the greatest common factor of u and w.
2
Suppose -5*q - 4*m = -169, -3*q = -5*q + 2*m + 64. Calculate the highest common divisor of 957 and q.
33
Let d(c) = 240*c - 9. Let z be d(1). Suppose 21 = 4*h - 3*h. What is the highest common divisor of h and z?
21
Let r be (-140)/(-18)*(172 + -163). Let k(q) = -6*q - 2. Let v be k(-2). What is the greatest common divisor of v and r?
10
Let a(n) = 9*n**2 - 32*n - 1. Let d be a(4). Calculate the greatest common divisor of 12 and d.
3
Suppose 48 = 11*j - 3*j. Suppose -j = -y + 4. Calculate the greatest common factor of 40 and y.
10
Let f be -2*(3 + -5) - 7. Let y be 2 - ((1 - f)/(-4) + 1). Calculate the highest common factor of 4 and y.
2
Suppose 195 = 5*o - 5*j, -5*o + 4*j + 57 = -134. Let r = o - 18. Suppose 4*s - r - 55 = 0. Calculate the highest common divisor of 90 and s.
18
Suppose -17 = -n + 17. Let f be 23/4 + 9/(-12) + 0. Suppose 70 = 5*y + f*z, -3*z = -2*y - 22 + 65. What is the highest common divisor of n and y?
17
Suppose -3*h + 5*k - 15 = 0, -3*h - 20 = h + 4*k. Let o(g) = 2*g + 4. Let u be o(h). Let f = u - -23. Calculate the highest common divisor of 119 and f.
17
Let m(z) = -4*z + 1 + 0 - 8. Let h be m(-6). Let d be (15 + 2)*(-4 - -11). Calculate the highest common divisor of h and d.
17
Suppose 0 = 5*q - 7*q + 8, 0 = -5*f - 2*q + 2318. Calculate the highest common factor of f and 132.
66
Let u be (-5)/(-130)*13*294. What is the greatest common factor of u and 196?
49
Suppose 29*l = 28*l - 105. Let g be (3/9)/((-5)/l). Let w = -13 + 14. What is the greatest common factor of w and g?
1
Let l be (-2)/(((-20)/28)/5). Let m(n) = -n**2 + n + 126. Let r be m(0). What is the greatest common factor of r and l?
14
Let d(h) = 4*h**2 + 5*h + 12. Let j be d(-11). Let c be (-98)/3*(-21)/14. What is the greatest common factor of c and j?
49
Let c(i) = -31*i - 16. Let o be (-2)/(-4) - (-7)/(-2). Let a be c(o). Calculate the highest common factor of 7 and a.
7
Suppose 74*s - 756 = -10*s. What is the highest common divisor of s and 369?
9
Let q be 7/49 - (-734)/7. Calculate the highest common factor of q and 3.
3
Let p be (-1 - -2)*-1 - 1 - -33. What is the greatest common divisor of p and 589?
31
Let q = -356 - -384. What is the greatest common factor of 20 and q?
4
Suppose -13*l + 332 + 1774 = 0. Calculate the greatest common divisor of l and 54.
54
Let a(g) = g + 88. Let u be a(-16). What is the greatest common divisor of 90 and u?
18
Let x be (-9)/(-27) + 59/3. Let l = -16 + x. Let k be l/(-14) + 242/14. Calculate the greatest common divisor of k and 136.
17
Let i = 90 - 85. Suppose 5*s - 313 = -z, 5*s - 176 = -i*z + 149. Calculate the highest common factor of s and 31.
31
Let m be 12 - 10/(-10)*(-1 + 0). Let i(c) = -17*c - 9. Let b be i(8). Let t = -68 - b. Calculate the highest common divisor of t and m.
11
Let x = -126 - -159. Calculate the highest common factor of 44 and x.
11
Let k be (-43 + (-15)/(-5))*(-53 - -1). What is the highest common divisor of k and 104?
104
Suppose x - 4*o = 3*x - 142, 5*x + o = 382. What is the greatest common divisor of 14 and x?
7
Let i(a) = -a**2 + 32*a - 140. Let o be i(7). Calculate the greatest common divisor of o and 5.
5
Let o be 12/5 + (-28)/70. Suppose 0*h = -5*k + o*h + 143, 0 = 3*k - 5*h - 101. Calculate the greatest common divisor of 108 and k.
27
Let n = -480 + 560. What is the highest common divisor of 60 and n?
20
Let a be (96/10)/((-6)/(-100)). Let y(u) = -18*u + 8*u + 4*u - 2. Let n be y(-3). Calculate the highest common divisor of a and n.
16
Let f = 81 - 26. Let t be (2/2)/(6/(-36)). Let o be (-1 + 38/t)/(14/(-21)). Calculate the greatest common factor of o and f.
11
Suppose 2*z - 1102 = -5*t, -4*t = -0*t + 2*z - 882. Calculate the greatest common divisor of 44 and t.
44
Let g be 8*(-7)/((-28)/(-16)). Let k = -1 - g. Suppose 